{"id":1251,"date":"2019-08-20T17:04:19","date_gmt":"2019-08-20T17:04:19","guid":{"rendered":"https:\/\/milonga-a-promotora.pt\/wpp\/?page_id=1251"},"modified":"2025-09-16T18:43:32","modified_gmt":"2025-09-16T18:43:32","slug":"1251-2","status":"publish","type":"page","link":"https:\/\/milonga-a-promotora.pt\/wpp\/1251-2\/","title":{"rendered":"Encontro 2020 pt"},"content":{"rendered":"\n\n\t<p><img loading=\"lazy\" decoding=\"async\" src=\"https:\/\/milonga-a-promotora.pt\/wpp\/wp-content\/uploads\/2019\/08\/encontro.jpg\" alt=\"\" width=\"1419\" height=\"311\" \/><\/p>\n\t\t\t\t<img decoding=\"async\" src=\"https:\/\/milonga-a-promotora.pt\/wpp\/wp-content\/uploads\/2025\/09\/text2.png\" alt=\"text2\" itemprop=\"image\" height=\"127\" width=\"580\" title=\"text2\" onerror=\"this.style.display='none'\" loading=\"lazy\" \/>\n\t<img loading=\"lazy\" decoding=\"async\" src=\"https:\/\/milonga-a-promotora.pt\/wpp\/wp-content\/uploads\/2019\/08\/wp9c67ddbc_06.png\" alt=\"\" width=\"185\" height=\"92\" \/><br \/>\n<em>(dispon\u00edvel a 16 de Setembro \u00e0s 21h (hora Portugal CET-1)\/ 22h (hora do centro da Europa CET)<\/em>\u00a0\n<p><a href=\"http:\/\/regis.somee.com\/EMAPromotora2026\/?lingua=1\" target=\"_blank\" rel=\"noopener\"><strong>LINK PARA INSCRI\u00c7\u00d5ES<\/strong><\/a><\/p>\n\t<p><img loading=\"lazy\" decoding=\"async\" src=\"https:\/\/milonga-a-promotora.pt\/wpp\/wp-content\/uploads\/2019\/08\/wp042ac7ed_06.png\" alt=\"\" width=\"201\" height=\"92\" \/><\/p>\n<p><strong>Sexta-Feira, 13 FEVEREIRO 2026<\/strong><\/p>\n<p>22H00&#8212;-22H30: Rece\u00e7\u00e3o e Boas Vindas<\/p>\n<p>22h30&#8212;-02h00: Milonga com Dj Gato Milongueiro (PT)<\/p>\n<p><strong>S\u00e1bado, 14 FEVEREIRO 2026<\/strong><\/p>\n<p>11H00&#8212;-12H30: Palestra com Michael Lavocah (UK) &#8211; Carlos di Sarli<\/p>\n<p>14H00&#8212;-18H00: Milonga com Dj Patr\u00edcia Santos (PT)<\/p>\n<p>21h00&#8212;&#8211;01h00: Milonga com Dj Graziano Sportelli (IT)<\/p>\n<p><strong>Domingo, 15 FEVEREIRO 2026<\/strong><\/p>\n<p>11H30&#8212;-12H30: Palestra com Michael Lavocah (UK) &#8211; Charlo<\/p>\n<p>14H00&#8212;-18H00: Milonga com o Dj Silencio (PT)<\/p>\n<p>21h00&#8212;&#8211;01h00: Milonga com o Dj Salima (IT)<\/p>\n<p><strong>Segunda-feira 16 FEVEREIRO 2026<\/strong><\/p>\n<p>13h00&#8212;&#8211;15h00: Almo\u00e7o<\/p>\n<p>15H00&#8212;-21H00: Milonga com o Dj Lampis (GR\/USA)<\/p>\n<p><strong>MILONGA ADICIONAL<\/strong><\/p>\n<p><strong>Ter\u00e7a-feira, 17 FEVEREIRO 2026<\/strong><\/p>\n<p>20h00&#8212;&#8211;00h00: Milonga com Dj Lua (IT\/PT)<\/p>\n<p><img loading=\"lazy\" decoding=\"async\" src=\"https:\/\/milonga-a-promotora.pt\/wpp\/wp-content\/uploads\/2019\/08\/wpf8d7f708_06.png\" alt=\"\" width=\"131\" height=\"92\" \/><\/p>\n<p>Pack Milongas (13 a 16 de fevereiro): 175\u20ac<\/p>\n<p>(Bebidas e snacks inclu\u00eddos)<\/p>\n<p>Milonga Adicional (17 de fevereiro): 25\u20ac<\/p>\n<p>Almo\u00e7o de Despedida: 30\u20ac<\/p>\n\t<p><img loading=\"lazy\" decoding=\"async\" src=\"https:\/\/milonga-a-promotora.pt\/wpp\/wp-content\/uploads\/2019\/08\/wp6a772e2e_06.png\" alt=\"\" width=\"131\" height=\"92\" \/><\/p>\n<p><b><img loading=\"lazy\" decoding=\"async\" src=\"https:\/\/milonga-a-promotora.pt\/wpp\/wp-content\/uploads\/2023\/09\/Gato-300x192.jpg\" alt=\"\" width=\"300\" height=\"192\" \/><\/b><\/p>\n<b>Gato Milongueiro (PT)<\/b>\n<p>\u00c9 para mim um grande privil\u00e9gio preparar e gerir a musicaliza\u00e7\u00e3o de uma milonga -no final de contas, tudo se resume a um duro e exigente cuidado por todos os milongueiros presentes na sala de baile.<\/p>\n<p>&#8230;y siga el Tango!<\/p>\n<p><b>Patr\u00edcia Santos (PT)<\/b><b><img loading=\"lazy\" decoding=\"async\" src=\"https:\/\/milonga-a-promotora.pt\/wpp\/wp-content\/uploads\/2019\/08\/patricia-300x225.jpg\" alt=\"\" width=\"300\" height=\"225\" \/><\/b><\/p>\n<p>Patr\u00edcia \u00e9 natural da cidade do Porto (Portugal) e descobriu o tango em 1995, sendo que cinco anos mais tarde iniciou a musicaliza\u00e7\u00e3o de milongas, tendo em 2014 , sido DJ no Encontros Milongueiros &#8220;A Promotora&#8221;. Enquanto milongueira acredita no impacto que a m\u00fasica pode produzir no baile pelo que no papel de musicalizadora tenta dar relevo \u00e0s orquestras que, no seu entender, permitem manter a pista de baile ordenada e criam um sentimento \u00fanico de partilha entre milongueiros que naquele espa\u00e7o e naquele lugar se (re)encontram. \u00c9 ainda a organizadora do encontro milongueiro Ensue\u00f1os.<\/p>\n<p><img loading=\"lazy\" decoding=\"async\" src=\"https:\/\/milonga-a-promotora.pt\/wpp\/wp-content\/uploads\/2025\/09\/Sportelli-300x225.jpg\" alt=\"\" width=\"300\" height=\"225\" \/><b><strong>Graziano Sportelli (IT<\/strong>)<\/b><\/p>\n<p>Entrei no mundo do tango em 2005 como amante e dan\u00e7arina. Desde o in\u00edcio me apaixonei pelo estudo do tango. Tive a oportunidade de me tornar DJ residente de uma milonga est\u00e1vel na minha prov\u00edncia. Continuo a fazer m\u00fasica em muitas outras milongas, nas cidades da Ap\u00falia, e em encontros mesmo fora da regi\u00e3o. Posteriormente, o meu trabalho como musicalizador foi reconhecido na It\u00e1lia e na Europa em particular: Inglaterra, Fran\u00e7a,<\/p>\n<p>Alemanha, Pol\u00f3nia, B\u00e9lgica, \u00c1ustria, Portugal, Espanha.<\/p>\n<p>Minha prefer\u00eancia musical \u00e9 pelo tango da era de ouro e sempre fico dentro da m\u00fasica dos anos 20 e 50.<\/p>\n<p>Criar a energia certa na pista \u00e9 minha prerrogativa..<\/p>\n<b><img loading=\"lazy\" decoding=\"async\" src=\"https:\/\/milonga-a-promotora.pt\/wpp\/wp-content\/uploads\/2019\/08\/silencio-300x225.jpg\" alt=\"\" width=\"300\" height=\"225\" \/>Silencio (PT)<\/b>\n<p>Para mim, Djing \u00e9 a arte de cuidar do que nos leva a dan\u00e7ar &#8211; A m\u00fasica.<\/p>\n<p>Esta tarefa leva a quem o queira fazer bem, a estudar toda a sua vida.<\/p>\n<p>Espero que um Dj de Tango tenha a capacidade de se colocar no lugar de todos os que est\u00e3o na pista (e na milonga) e, consequentemente, escolher com coer\u00eancia, foco na pista de dan\u00e7a, intelig\u00eancia, altru\u00edsmo e intui\u00e7\u00e3o.<\/p>\n<p>Escolho cuidadosamente cada pe\u00e7a musical, procurando encontrar, dentro das variadas emo\u00e7\u00f5es musicais, as que melhor se harmonizam com cada milongueiro. <\/p>\n<p>Partindo do &#8220;esp\u00edrito de cada orquestra t\u00edpica&#8221; e dos participantes, procuro escolher e contribuir para que cada milongueiro presente no espa\u00e7o da milonga possa viver uma experi\u00eancia bonita e feliz.<\/p>\n<p>Ser DJ em milongas tradicionais e encontros milongueiros \u00e9 uma responsabilidade que estimo e respeito. Com milongueiros que valorizam profundamente o abra\u00e7o e a interpreta\u00e7\u00e3o da m\u00fasica, a milonga aproxima-se de ser um para\u00edso.<\/p>\n<b><img loading=\"lazy\" decoding=\"async\" src=\"https:\/\/milonga-a-promotora.pt\/wpp\/wp-content\/uploads\/2025\/09\/Salima-300x169.jpg\" alt=\"\" width=\"300\" height=\"169\" \/><strong>Salima (IT)<\/strong>\u00a0<\/b>\n<p>Foi por acaso que a Salima encontro o mundo do tango. A primeira vez que se aproximou de uma consola foi h\u00e1 muitos anos, numa milonga organizada pela sua escola no centro de Conegiano (Treviso, It\u00e1lia). Desde esse momento, tem estado completamente empenhada em desenvolver o seu conhecimento da m\u00fasica, sempre com o pulsar dos cora\u00e7\u00f5es milongueiros em mente. A musicaliza\u00e7\u00e3o da Salima \u00e9 tradicional, mas nunca vulgar. Ela \u00e9 a TDJ residente da &#8220;Blumilonga&#8221; em Conegliano h\u00e1 quase uma d\u00e9cada. Musicaliza regularmente em eventos, encontros e milongas em It\u00e1lia e fora dela. O seu lema \u00e9 &#8220;O mais importante \u00e9 a energia na pista de dan\u00e7a!&#8221;. Acima de tudo, ela adora Juan D&#8217;Arienzo, mas, na consola sabe bem como dosear ritmo e do\u00e7ura, misturando emo\u00e7\u00f5es para serem experienciadas dentro dos abra\u00e7os m\u00e1gicos do Tango.<\/p>\n<img loading=\"lazy\" decoding=\"async\" src=\"https:\/\/milonga-a-promotora.pt\/wpp\/wp-content\/uploads\/2025\/09\/Lampis-300x200.jpg\" alt=\"\" width=\"300\" height=\"200\" \/>\n<p>Lampis \u00e9 fascinado pelo Tango h\u00e1 duas d\u00e9cadas e tenta constantemente expandir o seu entendimento desta complexa forma de arte. Ele acredita fortemente que passar a tanda correta no momento certo constitui um fator cr\u00edtico para um Milonga emocionalmente gratificante e \u00e9 exatamente isso que tenta alcan\u00e7ar com a sua sele\u00e7\u00e3o musical. Lampis foca-se em escolher m\u00fasica tradicional que mantenha os bailarinos na pista de dan\u00e7a at\u00e9 ao final da Milonga. Est\u00e1 baseado em Los Angeles e tem musicalizado regularmente em grande eventos por todo o mundo.<\/p>\n<img loading=\"lazy\" decoding=\"async\" src=\"https:\/\/milonga-a-promotora.pt\/wpp\/wp-content\/uploads\/2025\/09\/Lua-300x200.jpg\" alt=\"\" width=\"300\" height=\"200\" \/>\n<b>Lua (IT\/PT)<\/b>\n<p>Lua \u00e9 italiana e vive em Lisboa. Ela descobriu o tango por acaso, em 2004, enquanto caminhava ao longo do Sena, e ficou completamente fascinada por ele.Desde 2011 organiza eventos de tango em Lisboa (&#8220;Milonga da Lua&#8221;) e leva a sua m\u00fasica a milongas, tert\u00falias e eventos na Europa e nos Estados Unidos.Para ela, cada milonga \u00e9 \u00fanica. Cada tanda conta uma hist\u00f3ria. Cada tango lhe lembra momentos dan\u00e7ados e vividos. Hoje sua sele\u00e7\u00e3o musical reflete os gostos de todas as pessoas que conheceu no tango.<\/p>\n\t<p><img loading=\"lazy\" decoding=\"async\" src=\"https:\/\/milonga-a-promotora.pt\/wpp\/wp-content\/uploads\/2019\/08\/wp77140931_06.png\" alt=\"\" width=\"371\" height=\"92\" \/><\/p>\nAssocia\u00e7\u00e3o Promotora de Tango Social<br \/>\nLargo Fontainhas N\u00ba 19 &#8211; Alc\u00e2ntara LISBOA\n<p>emapromotora@gmail.com, associacaopromotoratangosocial@gmail.com<\/p>\n<p>+351 \u00a0915131234 \/ +351 966434469<\/p>\n\t<p><img loading=\"lazy\" decoding=\"async\" src=\"https:\/\/milonga-a-promotora.pt\/wpp\/wp-content\/uploads\/2019\/08\/wpccc8d14e_06.png\" alt=\"\" width=\"207\" height=\"92\" \/><\/p>\n<br \/>\n<strong>OP\u00c7\u00d5ES PR\u00d3XIMAS DO LOCAL DO ENCONTRO:<\/strong><br \/>\n<strong>&#8211; HOTEL VILA GAL\u00c9 \u00d3PERA &#8211; 4 ESTRELAS<\/strong><br \/>\n<br \/>\n(800m de dist\u00e2ncia da PROMOTORA )\n<p>Morada: Travessa do Conde da Ponte &#8211; 1300 &#8211; 141 Lisboa<\/p>\n<p>Telefone: (00351) 213 605 400<\/p>\n<p><a href=\"http:\/\/www.vilagale.pt\">www.vilagale.pt<\/a><\/p>\n<p><strong>OUTRAS OP\u00c7\u00d5ES:<\/strong><\/p>\n<p>Diversos apartamentos para alojamento local em sites como Airbnb.com nas imedia\u00e7\u00f5es do evento.<\/p>\n\t<h3><strong>POR FAVOR LEIAM COM ATEN\u00c7\u00c3O:<\/strong><\/h3>\n<p>Todos os anos recebemos muito mais inscri\u00e7\u00f5es do que a lota\u00e7\u00e3o da sala e a identidade do evento nos permitem aceitar e a tarefa de selecionar os participantes para cada edi\u00e7\u00e3o \u00e9 t\u00e3o morosa quanto cuidada. Pretendemos ser justos e, ao mesmo tempo, garantir a todos os participantes, uma experi\u00eancia especial e estar \u00e0 altura das vossas expectativas ou, quem sabe, conseguir ultrapass\u00e1-las.<\/p>\n<p>As inscri\u00e7\u00f5es permanecer\u00e3o abertas durante, pelo menos, duas horas. Pedimos a todos que leiam com aten\u00e7\u00e3o o formul\u00e1rio de inscri\u00e7\u00e3o e que o preencham com calma. N\u00e3o se trata de uma prova de velocidade e n\u00e3o faremos distin\u00e7\u00e3o baseada na ordem de entrada das inscri\u00e7\u00f5es efetuadas durante este per\u00edodo.<\/p>\n<p>S\u00e3o aceites e bem-vindas inscri\u00e7\u00f5es individuais ou a par. As inscri\u00e7\u00f5es s\u00e3o tratadas de igual forma, sempre assegurando a paridade entre l\u00edderes e followers, com a diferen\u00e7a que, nas inscri\u00e7\u00f5es a par, a aceita\u00e7\u00e3o de cada elemento <u>condiciona <\/u>e est\u00e1 condicionada pela aceita\u00e7\u00e3o do par. Por este motivo, apenas <u>recomendamos <\/u>inscri\u00e7\u00f5es a par para quem n\u00e3o fizer sentido participar no encontro sem o seu par.<\/p>\nApenas s\u00e3o aceites inscri\u00e7\u00f5es para o pack de milongas de 4 dias. A milonga adicional e a refei\u00e7\u00e3o s\u00e3o opcionais e em nada condicionam a aceita\u00e7\u00e3o da inscri\u00e7\u00e3o.\nA milonga adicional n\u00e3o \u00e9 aberta \u00e0 comunidade local. Apenas os participantes do Encontro poder\u00e3o participar nesta milonga. Esta milonga \u00e9 mais intimista que as restantes milongas e a sala \u00e9 preparada da mesma forma que a milonga regular A Promotora. Esta milonga existe para aqueles que querem viver ainda mais um pouco o esp\u00edrito do Encontro A Promotora.\n<p>As palestras com Michael Lavocah, inclu\u00eddas no programa s\u00e3o de livre acesso para os participantes do Encontro. N\u00e3o \u00e9 necess\u00e1ria inscri\u00e7\u00e3o pr\u00e9via.<\/p>\nQueremos garantir que todos os participantes conhecem e cumprem os c\u00f3digos da milonga (dentro e fora da pista), que respeitam todos os participantes, que dan\u00e7am socialmente, cuidando do grupo e da integra\u00e7\u00e3o de todos e que est\u00e3o confort\u00e1veis a dan\u00e7ar de abra\u00e7o fechado e em pouco espa\u00e7o. Estes s\u00e3o, para n\u00f3s pontos essenciais que se sobrep\u00f5e a qualquer outro crit\u00e9rio.\nA Promotora n\u00e3o \u00e9 um encontro fechado para amigos. Os amigos, s\u00e3o importantes e naturalmente bem-vindos, mas procuramos sempre dar a oportunidade a todos de partilhar connosco a intensidade destes dias.\nTentaremos equilibrar o Encontro com novos participantes e com participantes que j\u00e1 estiveram presentes em edi\u00e7\u00f5es anteriores sem perturbar a identidade do Encontro.\nDamos tamb\u00e9m aten\u00e7\u00e3o aos que ficaram em lista de espera nos anos anteriores e tentaremos que alguns, desta vez, possam participar.\nEsta foi a forma que encontr\u00e1mos para que haja transpar\u00eancia na forma de aceita\u00e7\u00e3o das inscri\u00e7\u00f5es e para que ningu\u00e9m se sinta magoado. Acreditamos ser a melhor forma para que todos sintam a mesma estima, carinho, considera\u00e7\u00e3o e respeito e, ao mesmo tempo, assegurar a todos os participantes um Encontro Milongueiro pleno.\nA equipa do Encontro A Promotora,\n\t<p><img loading=\"lazy\" decoding=\"async\" src=\"https:\/\/milonga-a-promotora.pt\/wpp\/wp-content\/uploads\/2019\/08\/wp15c0fa87_06.png\" alt=\"\" width=\"352\" height=\"92\" \/><\/p>\nNa pista de baile\n<ul>\n<li>\nA linha imagin\u00e1ria composta pelos v\u00e1rios pares de bailarinos numa mesma fila da pista chama-se linha de baile. Nesta, os bailarinos deslocam-se na dire\u00e7\u00e3o inversa \u00e0 dos ponteiros do rel\u00f3gio.\n<\/li>\n<li>\nPodem existir, de forma paralela, v\u00e1rias linhas de baile (1\u00aaexterior, 2\u00aaexterior, interior). Procuramos dan\u00e7ar numa das linhas, evitando sempre mudar da linha. Se tal acontecer, por alguma perturba\u00e7\u00e3o ou por uma linha estar &#8220;demasiado cheia&#8221;, deve-se assegurar que n\u00e3o se incomoda nenhum outro par.\n<\/li>\n<li>\nN\u00e3o mudamos para outra linha de baile durante o decorrer de uma m\u00fasica.\u00a0\n<\/li>\n<li>\nN\u00e3o h\u00e1 ultrapassagens pois todos fazemos parte da mesma pista que \u00e9 um lugar de respeito entre todos e n\u00e3o uma corrida\n<\/li>\n<li>\nN\u00e3o executamos &#8220;passos para tr\u00e1s&#8221; ou movimentos no sentido contr\u00e1rio \u00e0 circula\u00e7\u00e3o na pista. O espa\u00e7o da pista que o par que dan\u00e7a deixa atr\u00e1s de si \u00e9 perten\u00e7a do par que lhe segue na ronda libertou\n<\/li>\n<li>\nMantemos a fluidez da pista de baile. Isto quer dizer que podendo avan\u00e7ar n\u00e3o permanecemos sem avan\u00e7ar muito tempo nem pressionamos o par \u00e0 nossa frente.\n<\/li>\n<li>\n\u00c9 responsabilidade de quem lidera cuidar da pessoa com quem dan\u00e7a. Evitamos chocar com outros pares na pista; se tal acontecer mostramos o nosso cuidado pedindo desculpa, independentemente de quem ou do que motivou a colis\u00e3o.\n<\/li>\n<li>\nMovimentos de cen\u00e1rio ou espet\u00e1culo que promovam que homens ou mulheres levantem os p\u00e9s do piso e ocupem muito espa\u00e7o n\u00e3o fazem sentido num local onde o abra\u00e7o \u00e9 a ess\u00eancia e sentido do tango milongueiro.\n<\/li>\n<li>\nTemos cuidado com a posi\u00e7\u00e3o dos cotovelos procurando que estes estejam voltados para o piso e n\u00e3o se tornem perigosos para os outros participantes.\n<\/li>\n<li>\nNum Encontro mostramos a nossa capacidade de ser cuidadoso com o nosso par e com os restantes bailarinos. N\u00e3o mostramos as nossas habilidades de forma exibicionista.\n<\/li>\n<\/ul>\n<strong>Fora da pista e para convidar para dan\u00e7ar<\/strong>\n<ul>\n<li>\nOs convites s\u00e3o feitos por mirada e cabeceo. Isto s\u00f3 \u00e9 poss\u00edvel se existir contacto visual, \u00e0 dist\u00e2ncia, entre os dois elementos do par que se escolhem livre e mutuamente. S\u00f3 assim podemos estar seguros de que os dois querem dan\u00e7ar juntos a tanda a decorrer.\n<\/li>\n<li>\nSe a ronda estiver j\u00e1 montada, n\u00e3o atravessamos a pista para ir buscar o par. Circulamos \u00e0 volta da pista para n\u00e3o incomodar os bailarinos que est\u00e3o a dan\u00e7ar.\n<\/li>\n<li>\nOs bailarinos na pista t\u00eam prioridade sobre os que est\u00e3o a querer entrar. Quando entramos na ronda, asseguramo-nos que o leader do par que est\u00e1 a dan\u00e7ar nos cede passagem para entrar. Para tal e antes de entrar na ronda, procuramos estabelecer com ele um contacto visual e esperamos pelo seu sinal.\n<\/li>\n<li>\nAs tandas (sequ\u00eancias de m\u00fasicas separadas por uma cortina) s\u00e3o compostas por tr\u00eas ou quatro m\u00fasicas. Entre elas existe a chamada cortina musical. A cortina existe para que as pessoas possam escutar outra orquestra e tamb\u00e9m para que possam escolher outra pessoa com quem dan\u00e7ar. N\u00e3o se deve permanecer na pista de baile durante a cortina e no in\u00edcio da tanda pois pode-se bloquear a possibilidade de cabeceo para os restantes participantes.\n<\/li>\n<li>\nNo momento em que termina a tanda, o leader acompanha o follower ao mesmo local onde o convidou para dan\u00e7ar.\n<\/li>\n<li>A milonga \u00e9 um espa\u00e7o social. Procuramos dan\u00e7ar com um elevado n\u00famero de participantes, cuidando do grupo e da integra\u00e7\u00e3o de todos os participantes.<\/li>\n<li>A milonga \u00e9 um espa\u00e7o de respeito. Ningu\u00e9m dever\u00e1 desrespeitar ou desconsiderar qualquer participante ou elemento do staff, independentemente da sua ra\u00e7a, idade, orienta\u00e7\u00e3o sexual, prefer\u00eancia no papel de baile, etc.<\/li>\n<li>A milonga \u00e9 um espa\u00e7o protegido. N\u00e3o s\u00e3o toleradas atitudes ou comportamentos que ponham em causa a integridade moral ou f\u00edsica dos outros participantes ou elementos da equipa, nem qualquer tipo de ass\u00e9dio moral ou sexual.<\/li>\n<li>Todos cuidamos de todos. Qualquer participante que se sinta desrespeitado ou seja testemunha de uma situa\u00e7\u00e3o deste tipo, dever\u00e1 comunica-la de imediato a um elemento da organiza\u00e7\u00e3o que tomar\u00e1 as medidas necess\u00e1rias e adequadas.<\/li>\n<\/ul>\n<p>Com a inscri\u00e7\u00e3o, pedimos-te que te comprometas a cumprir estes c\u00f3digos. Desta maneira todos poderemos desfrutar verdadeira e completamente das milongas.<\/p>\n<p>&nbsp;<\/p>\n<p><strong>Palestras com Michael Lavocah (UK)<\/strong><\/p>\n<p><strong>Carlos di Sarli &amp; Charlo<\/strong><\/p>\n<p><strong><img loading=\"lazy\" decoding=\"async\" src=\"https:\/\/milonga-a-promotora.pt\/wpp\/wp-content\/uploads\/2025\/09\/lavocah2-300x195.jpg\" alt=\"\" width=\"300\" height=\"195\" \/><\/strong><\/p>\n<p>Michael Lavocah d\u00e1 vida ao tango. Um dos maiores especialistas na m\u00fasica da Idade de Ouro do tango, tamb\u00e9m \u00e9 um contador de hist\u00f3rias nato. Nos seus semin\u00e1rios liga os milongueiros aos m\u00fasicos que criaram esta bela m\u00fasica, contando algo das suas hist\u00f3rias e explicando a rela\u00e7\u00e3o entre as suas vidas e a sua m\u00fasica. As suas apresenta\u00e7\u00f5es s\u00e3o cativantes, divertidas e informativas.<\/p>\n<p>As palestras ser\u00e3o dadas em ingl\u00eas.<\/p>\n\n","protected":false},"excerpt":{"rendered":"<div class=\"entry-summary\">\n<div class=\"entry-summary\">\n(dispon\u00edvel a 16 de Setembro \u00e0s 21h (hora Portugal CET-1)\/ 22h (hora&hellip;\n<\/div>\n<div class=\"link-more\"><a href=\"https:\/\/milonga-a-promotora.pt\/wpp\/1251-2\/\" class=\"more-link\">Continue reading<span class=\"screen-reader-text\"> &ldquo;Encontro 2020 pt&rdquo;<\/span>&hellip;<\/a><\/div>\n<\/div>\n<div class=\"link-more\"><a href=\"https:\/\/milonga-a-promotora.pt\/wpp\/1251-2\/\" class=\"more-link\">Continue reading<span class=\"screen-reader-text\"> &ldquo;Encontro 2020 pt&rdquo;<\/span>&hellip;<\/a><\/div>\n","protected":false},"author":1,"featured_media":0,"parent":0,"menu_order":0,"comment_status":"closed","ping_status":"closed","template":"page-template\/_fullwidth.php","meta":{"_acf_changed":false,"footnotes":""},"class_list":["post-1251","page","type-page","status-publish","hentry","entry"],"acf":[],"_links":{"self":[{"href":"https:\/\/milonga-a-promotora.pt\/wpp\/wp-json\/wp\/v2\/pages\/1251","targetHints":{"allow":["GET"]}}],"collection":[{"href":"https:\/\/milonga-a-promotora.pt\/wpp\/wp-json\/wp\/v2\/pages"}],"about":[{"href":"https:\/\/milonga-a-promotora.pt\/wpp\/wp-json\/wp\/v2\/types\/page"}],"author":[{"embeddable":true,"href":"https:\/\/milonga-a-promotora.pt\/wpp\/wp-json\/wp\/v2\/users\/1"}],"replies":[{"embeddable":true,"href":"https:\/\/milonga-a-promotora.pt\/wpp\/wp-json\/wp\/v2\/comments?post=1251"}],"version-history":[{"count":56,"href":"https:\/\/milonga-a-promotora.pt\/wpp\/wp-json\/wp\/v2\/pages\/1251\/revisions"}],"predecessor-version":[{"id":1936,"href":"https:\/\/milonga-a-promotora.pt\/wpp\/wp-json\/wp\/v2\/pages\/1251\/revisions\/1936"}],"wp:attachment":[{"href":"https:\/\/milonga-a-promotora.pt\/wpp\/wp-json\/wp\/v2\/media?parent=1251"}],"curies":[{"name":"wp","href":"https:\/\/api.w.org\/{rel}","templated":true}]}}