{"id":1282,"date":"2019-08-20T18:15:36","date_gmt":"2019-08-20T18:15:36","guid":{"rendered":"https:\/\/milonga-a-promotora.pt\/wpp\/?page_id=1282"},"modified":"2025-09-16T18:42:25","modified_gmt":"2025-09-16T18:42:25","slug":"1251-2-copy","status":"publish","type":"page","link":"https:\/\/milonga-a-promotora.pt\/wpp\/1251-2-copy\/","title":{"rendered":"Encontro 2020 it"},"content":{"rendered":"\n\n\t<p><img loading=\"lazy\" decoding=\"async\" src=\"https:\/\/milonga-a-promotora.pt\/wpp\/wp-content\/uploads\/2019\/08\/encontro.jpg\" alt=\"\" width=\"1419\" height=\"311\" \/><\/p>\n\t\t\t\t<img decoding=\"async\" src=\"https:\/\/milonga-a-promotora.pt\/wpp\/wp-content\/uploads\/2025\/09\/text2.png\" alt=\"text2\" itemprop=\"image\" height=\"127\" width=\"580\" title=\"text2\" onerror=\"this.style.display='none'\" loading=\"lazy\" \/>\n\t<p><img loading=\"lazy\" decoding=\"async\" src=\"https:\/\/milonga-a-promotora.pt\/wpp\/wp-content\/uploads\/2019\/08\/wp5f8c4b66_06.png\" alt=\"\" width=\"177\" height=\"92\" \/><\/p>\n<p><em>(disponibile 16 settembre alle 21h (ora Portogallo CET-1) \/ 22h (ora dal centro d&#8217;Europa CET)<\/em><\/p>\n<p><a href=\"http:\/\/regis.somee.com\/EMAPromotora2026\/?Lingua=5\" target=\"_blank\" rel=\"noopener\"><strong>LINK<\/strong><\/a><\/p>\n\t<p><img loading=\"lazy\" decoding=\"async\" src=\"https:\/\/milonga-a-promotora.pt\/wpp\/wp-content\/uploads\/2019\/08\/wp9089ad5f_06.png\" alt=\"\" width=\"228\" height=\"92\" \/><\/p>\n<p><strong>VENERD\u00cc, 13 FEBBRAIO 2026<\/strong><\/p>\n<p>22H00&#8212;-22H30: Accoglienza e benvenuto<\/p>\n<p>22h30&#8212;-02h00: Milonga con Dj Gato Milongueiro (PT\/IT)<\/p>\n<p><strong>SABATO, 14 FEBBRAIO 2026<\/strong><\/p>\n<p>11H00&#8212;-12H30: Conferenza con Michael Lavocah &#8211; Carlos di Sarli<\/p>\n<p>14H00&#8212;-18H00: Milonga com Dj Patr\u00edcia Santos (PT)<\/p>\n<p>21h00&#8212;&#8211;01h00: Milonga con Dj Graziano Sportelli (IT)<\/p>\n<p><strong>DOMENICA, 15 FEBBRAIO 2026<\/strong><\/p>\n<p>11H30&#8212;-12H30: Conferenza con Michael Lavocah \u00a0&#8211; Charlo<\/p>\n<p>14H00&#8212;-18H00: Milonga con Dj Silencio (PT)<\/p>\n<p>21h00&#8212;&#8211;01h00: Milonga con Dj Salima (IT)<\/p>\n<p><strong>LUNEDI, 16 FEBBRAIO 2026<\/strong><\/p>\n<p>13h00&#8212;&#8211;15h00: Pranzo<\/p>\n<p>15H00&#8212;-21H00: Milonga con Dj Lampis (GR\/USA)<\/p>\n<p><strong>MILONGA ADDIZIONALE<\/strong><\/p>\n<p><strong>MARTEDI, 17 FEBBRAIO 2026<\/strong><\/p>\n<p>20h00&#8212;&#8211;00h00: Milonga con Dj Lua (IT\/PT)<\/p>\n<p><img loading=\"lazy\" decoding=\"async\" src=\"https:\/\/milonga-a-promotora.pt\/wpp\/wp-content\/uploads\/2019\/08\/wp572a12a5_06.png\" alt=\"\" width=\"127\" height=\"92\" \/><\/p>\n<p>Pacchetto milongas (13 a 16 de febbraio): 175\u20ac<\/p>\n<p>(Bevande e snack inclusi)<\/p>\n<p>Milonga addizionale (17 de febbraio): 25\u20ac<\/p>\n<p>Pranzo Lunedi: 30\u20ac<\/p>\n\t<img loading=\"lazy\" decoding=\"async\" src=\"https:\/\/milonga-a-promotora.pt\/wpp\/wp-content\/uploads\/2019\/08\/wpf0b60ad4_06.png\" alt=\"\" width=\"90\" height=\"92\" \/>\n<b><img loading=\"lazy\" decoding=\"async\" src=\"https:\/\/milonga-a-promotora.pt\/wpp\/wp-content\/uploads\/2023\/09\/Gato-300x192.jpg\" alt=\"\" width=\"300\" height=\"192\" \/>Gato Milongueiro (PT)<\/b>\n<p>Per me \u00e8 un grande privilegio poter organizzare e musicalizzare una milonga &#8211; che, in fin dei conti, \u00e8 il risultato della grande e scrupolosa attenzione che rivolgo a tutti i milongueri presenti nella sala da ballo &#8230;&#8230;y siga el Tango!<b>\u00a0<\/b><\/p>\n<b><img loading=\"lazy\" decoding=\"async\" src=\"https:\/\/milonga-a-promotora.pt\/wpp\/wp-content\/uploads\/2019\/08\/patricia-300x225.jpg\" alt=\"\" width=\"300\" height=\"225\" \/>Patr\u00edcia Santos (PT)<\/b>\nPatricia \u00e8 originaria della citt\u00e0 di Oporto (Portogallo) e ha scoperto il tango nel 2005, considerando che 5 anni pi\u00f9 tardi inizi\u00f2 la musicalizzazione delle milonghe. Essendo milonguera crede nell&#8217;influenza che la musica pu\u00f2 produrre nel ballo e nel ruolo di programmatrice di musica, cerca di dar risalto alle orchestre che, a suo parere, consentono di mantener la pista da ballo ordinata e creano un sentimento unico di condivisione tra i ballerini di milonga che in quello spazio e in quel luogo si incontrano. Appartiene a l&#8217;equipe dell&#8217;organizzazione dell&#8217;incontro milanguero Ensue\u00f1os.\n<img loading=\"lazy\" decoding=\"async\" src=\"https:\/\/milonga-a-promotora.pt\/wpp\/wp-content\/uploads\/2025\/09\/Sportelli-300x225.jpg\" alt=\"\" width=\"300\" height=\"225\" \/><b>Graziano Sportelli (IT)<\/b>\n<p>Graziano Sportelli Italia Castellaneta (TA) Entro nel mondo del tango nel 2005, come amante e ballerino. Da subito, mi appassiono allo studio della musica di tango. Mi \u00e8 stata data l&#8217;oppotunit\u00e0 di diventare tdj resident di una milonga stabile, nella mia provincia. Continuo a musicalizzare in tante altre milonghe, nelle citt\u00e0 pugliesi, ed encuentros anche fuori regione. Successivamente, il mio lavoro di musicalizador \u00e8 stato riconosciuto in Italia e in Europa in particolare : Inghilterra, Francia, Germania, Polonia, Belgio, Austria , Portogallo ,Spagna. La mia preferenza musicale \u00e8 per il tango dell&#8217;et\u00e0 dell&#8217;oro e rimango sempre all&#8217;interno della musica degli anni &#8217;20 e &#8217;50. Creare la giusta energia in pista \u00e8 una mia prerogativa.<\/p>\n<b><img loading=\"lazy\" decoding=\"async\" src=\"https:\/\/milonga-a-promotora.pt\/wpp\/wp-content\/uploads\/2019\/08\/silencio-300x225.jpg\" alt=\"\" width=\"300\" height=\"225\" \/>Silencio (PT)<\/b>\nPer me, DJ \u00e8 un&#8217;arte di prendersi cura di ci\u00f2 che ci spinge a ballare &#8211; la musica.\n<p>Questo compito richiede a tutti coloro che lo desiderano fare bene, a studiare per tutta la vita.<\/p>\n<p>Mi aspetto un Dj di tango di avere la capacit\u00e0 di mettere se stesso al posto di tutti nella pista da ballo (e nella milonga) e, di conseguenza, di scegliere con coerenza, con attenzione alla pista da ballo, con intelligenza, altruismo e l&#8217;intuizione.<\/p>\n<p>Scelgo con cura ogni pezzo musicale e cerco di trovare, tra la variet\u00e0 delle &#8220;emozioni musicali&#8221;, quelle che meglio si armonizza con ogni &#8220;milonguero&#8221;.<\/p>\n<p>Partendo dallo &#8220;spirito di ogni Orquestra Tipica&#8221; e da tutti i ballerini, mi propongo di scegliere e di contribuire in modo che ogni singolo presente nella milonga possa vivere una bella e felice esperienza.<\/p>\n<p>Fare il DJing in milonghe tradizionali e in Encuentros milongueros \u00e8 una responsabilit\u00e0 che stimo e rispetto. \u00a0Con &#8220;milonguerosi&#8221; cha danno una profonda importanza all&#8217; abbraccio e alla interpretazione della musica, la milonga si avvicina di &#8220;un paradiso di ballo&#8221;<\/p>\n<img loading=\"lazy\" decoding=\"async\" src=\"https:\/\/milonga-a-promotora.pt\/wpp\/wp-content\/uploads\/2025\/09\/Salima-300x169.jpg\" alt=\"\" width=\"300\" height=\"169\" \/>\n<p><b>Salima (IT)<\/b><\/p>\n<p>Salima si avvicina casualmente al mondo del tango. Diversi anni fa \u00e8 ancora il caso che la vuole &#8220;in consolle&#8221; per la prima volta sulla piazza di Conegliano per una serata organizzata dalla sua scuola. Da allora \u00e8 stata totalmente presa dalla fame di conoscenza musicale, orientata per\u00f2 sempre al cuore pulsante dei ballerini in pista. Propone un tango tradizionale mai banale. E&#8217; stata Tdj resident della Blumilonga per quasi un decennio, musicalizza regolarmente in eventi, incontri milongueri e milonghe stabili in Italia e all&#8217;estero. Il suo motto \u00e8 &#8220;prima di tutto l&#8217;energia in pista&#8221;. Ama, sopra ogni cosa, Juan D&#8217;Arienzo, ma alla consolle sa come dosare ritmo e dolcezza, per creare un mix di emozioni diverse da vivere nel magico abbraccio del tango.<\/p>\n<b><img loading=\"lazy\" decoding=\"async\" src=\"https:\/\/milonga-a-promotora.pt\/wpp\/wp-content\/uploads\/2025\/09\/Lampis-300x200.jpg\" alt=\"\" width=\"300\" height=\"200\" \/>Lampis (GR\/USA)<\/b>\n<p>Lampis \u00e8 affascinato dal tango da due decenni e cerca costantemente di ampliare la sua comprensione di questa complessa forma d&#8217;arte. Lui crede fortemente che la tanda giusta al momento giusto \u00e8 fondamentale per una serata di ballo emozionante ed \u00e8 proprio questo quello che cerca di raggiungere con le sue selezioni musicali. Lampis si concentra sulla musica tradizionale che tiene i ballerini in pista fino alla fine della milonga. Vive a Los Angeles e ha suonato regolarmente come DJ in numerosi eventi in tutto il mondo.<\/p>\n<img loading=\"lazy\" decoding=\"async\" src=\"https:\/\/milonga-a-promotora.pt\/wpp\/wp-content\/uploads\/2025\/09\/Lua-300x200.jpg\" alt=\"\" width=\"300\" height=\"200\" \/>\n<b>Lua (IT\/PT)<\/b>\n<p>Lua \u00e8 italiana e vive a Lisbona. Scopre il tango per caso, nel 2004, passeggiando lungo la Senna, e ne rimane completamente affascinata.<\/p>\n<p>Dal 2011, organizza eventi di tango a Lisbona (&#8220;Milonga da Lua&#8221;) e porta la sua musica i milonghe, raduni ed eventi in Europa e negli Stati Uniti.<\/p>\n<p>Per lei, ogni milonga \u00e8 unica. Ogni tanda racconta una storia. Ogni tango le ricorda momenti ballati e vissuti. Oggi la sua selezione musicale riflette i gusti di tutte le persone che ha conosciuto nel tango.<\/p>\n<b>\u00a0<\/b>\n\t<img loading=\"lazy\" decoding=\"async\" src=\"https:\/\/milonga-a-promotora.pt\/wpp\/wp-content\/uploads\/2019\/08\/wp13e3686f_06-300x66.png\" alt=\"\" width=\"300\" height=\"66\" \/><br \/>\nAssocia\u00e7\u00e3o Promotora de Tango Social<br \/>\nLargo Fontainhas N\u00ba 19 &#8211; Alc\u00e2ntara LISBOA\n<p>emapromotora@gmail.com, associacaopromotoratangosocial@gmail.com<\/p>\n<p>+351 \u00a0915131234 \/ +351 966434469<\/p>\n\t<p><img loading=\"lazy\" decoding=\"async\" src=\"https:\/\/milonga-a-promotora.pt\/wpp\/wp-content\/uploads\/2019\/08\/wpe53c12b1_06.png\" alt=\"\" width=\"222\" height=\"92\" \/><\/p>\n<p><strong>NEI DELLA PROMOTORA:<\/strong><\/p>\n<p><strong>HOTEL VILA GAL\u00c9 \u00d3PERA &#8211; HOTEL A 4 STELLE<\/strong><\/p>\n<p>(a 800m dalla PROMOTORA )<\/p>\n<p><strong>Indirizzo:<\/strong> Travessa do Conde da Ponte &#8211; 1300 &#8211; 141 Lisboa<\/p>\n<p><strong>Telefono:<\/strong> (00351) 213 605 400<\/p>\n<p><strong>Website :\u00a0<\/strong><a href=\"http:\/\/www.vilagale.pt\">www.vilagale.pt<\/a><\/p>\n<p><strong>ALTRE OPZIONI POSSIBILI NEI DELLA PROMOTORA:<\/strong><\/p>\n<p>Diversi appartamenti per l&#8217;alloggio locale su siti come Airbnb.com nelle vicinanze del Raduno &#8220;A Promotora&#8221;.<\/p>\n\t<b>AVISO IMPORTANTE, DA LEGGERE CON ATTENZIONE:<\/b>\nOgni anno riceviamo molte pi\u00f9 iscrizioni di quanto le dimensioni della sala e l&#8217;identit\u00e0 dell&#8217;evento ci consentano di accettare. Il compito di selezionare i partecipanti per ogni edizione \u00e8 un processo lungo e difficile, ma accurato. Vogliamo essere giusti, garantendo a tutti i partecipanti un&#8217;esperienza speciale, che sia all&#8217;altezza delle loro aspettative o, addirittura, che possa superarle.\n Le iscrizioni rimarranno aperte per almeno due ore. Vi preghiamo di leggere con attenzione il modulo di iscrizione e di compilarlo con calma. La consegna del modulo d&#8217;iscrizione va effettuata in un breve lasso di tempo, ma non si tratta di un test di velocit\u00e0. L&#8217;ordine di immissione del formulario nel sistema non ha alcun valore al fine dell&#8217;accettazione dell&#8217;iscrizione all&#8217;<i>encuentro<\/i>.\n Sia le iscrizioni individuali che quelle in coppia sono ben accette. Le iscrizioni vengono trattate allo stesso modo, garantendo la parit\u00e0 di leader e follower, con l&#8217;unica differenza che, nel caso dell&#8217;iscrizione in coppia, la partecipazione \u00e8 condizionata dall&#8217;accettazione di entrambi. Per questo motivo, consigliamo l&#8217;iscrizione in coppia solamente a coloro che non intendono partecipare all&#8217;<i>Encontro A Promotora<\/i> senza il loro partner.\n Verranno accettate unicamente le iscrizioni per il pacchetto completo di <i>milongas <\/i>previste per i 4 giorni dell&#8217;<i>encuentro<\/i>. La milonga aggiuntiva e il pranzo sono facoltativi e non incidono in alcun modo sull&#8217;accettazione dell&#8217;iscrizione.\n La milonga aggiuntiva non \u00e8 destinata alla comunit\u00e0 locale. Solo i partecipanti dell&#8217;<i>encuentro<\/i> potranno prendere parte a questa milonga. Si tratta di una milonga intima, in cui la sala \u00e8 allestita come si usa fare per la milonga regolare <i>A Promotora<\/i>. Questa milonga \u00e8 stata pensata per tutti quelli che vogliono vivere un altro po&#8217; lo spirito dell&#8217;<i>Encontro A Promotora.<\/i>\n<p>Le conferenze di Michael Lavocah sono incluse nel programma del nostro raduno. Ai partecipanti non \u00e8 richiesta alcuna registrazione previa.<\/p>\n Desideriamo garantire che tutti i partecipanti conoscano e rispettino i codici della milonga (in pista e fuori), che rispettino gli altri, che ballino socialmente, prendendosi cura uno dell&#8217;altro e del gruppo. I partecipanti devono sentirsi a proprio agio ballando in abbraccio chiuso e in poco spazio. Questi sono per noi i punti essenziali per poter partecipare all&#8217;<i>Encuentro <\/i>e prevalgono su qualsiasi altro criterio. \n<i> A Promotora <\/i>non \u00e8 un <i>encuentro<\/i> privato pensato unicamente per riunire vecchi amici. Gli amici sono importanti e naturalmente sono i benvenuti, ma vogliamo dare a tutti l&#8217;opportunit\u00e0 di condividere con noi l&#8217;intensit\u00e0 dei giorni dell&#8217;<i>encuentro<\/i>. \u00c8 cos\u00ec che ogni anno cerchiamo di integrare nuovi partecipanti con quelli che hanno gi\u00e0 partecipato in edizioni anteriori senza rompere l&#8217;equilibrio e l&#8217;identit\u00e0 dell&#8217;<i>encuentro<\/i>. Non ci siamo dimenticati di tutti quelli che negli anni precedenti sono rimasti in lista d&#8217;attesa e cercheremo che alcuni di loro, anche quest&#8217;anno, possano partecipare all&#8217;<i>encuentro<\/i>.\n Questa \u00e8 la forma che abbiamo trovato per gestire il processo di accettazione delle iscrizioni in maniera trasparente, garantendo che nessuno si senta offeso o escluso. Riteniamo che questo sia il modo migliore per dare a tutti i partecipanti la stessa stima, lo stesso affetto, la stessa considerazione e lo stesso rispetto, cos\u00ec come assicurare a tutti un <i>encuentro milonguero <\/i>gratificante. \nIl team dell&#8217;<i>Encontro A Promotora<\/i>\n\n\t<b><img loading=\"lazy\" decoding=\"async\" src=\"https:\/\/milonga-a-promotora.pt\/wpp\/wp-content\/uploads\/2019\/08\/wp9249e025_06-300x87.png\" alt=\"\" width=\"300\" height=\"87\" \/><\/b>\n<b>In pista<\/b>\n<ul>\n<li>\nLa linea immaginaria composta da pi\u00f9 coppie di ballerini nella stessa fila della pista si chiama linea di ballo. Nella linea di ballo, i ballerini si muovono in direzione contraria a quella delle lancette dell&#8217;orologio. \n<\/li>\n<li>\nPossono esserci parallelamente varie linee di ballo (1a linea esterna, 2a linea, circolo interno). Scegliamo una linea di ballo per circolare ed evitiamo di cambiare linea di ballo. Se dovesse essere necessario cambiare linea di ballo, per colpa di un inconveniente o per sovraffollamento, nel farlo bisogna assicurarsi di non disturbare le altre coppie.\n<\/li>\n<li>\nNon cambiamo linea di ballo nel corso di un tema musicale. \n<\/li>\n<li>\nNon si sorpassa perch\u00e9 tutti facciamo parte della stessa <i>ronda<\/i>. La pista \u00e8 un luogo di rispetto dell&#8217;altro, dove non ci sono competizioni. \n<\/li>\n<li>\nNon eseguiamo &#8220;passi all&#8217;indietro&#8221; o movimenti in senso contrario alla circolazione in pista. Lo spazio della pista che viene lasciato dietro di s\u00e9 dalla coppia in movimento appartiene alla coppia successiva nella <i>ronda<\/i>. Cerchiamo di far fluire la <i>ronda<\/i>. Ci\u00f2 significa che potendo avanzare non resteremo fermi sul posto per molto tempo, cos\u00ec come eviteremo di far pressioni sulla coppia che balla di fronte a noi. \n<\/li>\n<li>\n\u00c8 responsabilit\u00e0 del leader prendersi cura della persona con cui balla. Evitiamo di andare a sbattere contro altre coppie in pista; se ci\u00f2 accade, dimostriamo la nostra umilt\u00e0 scusandoci sempre indipendentemente dalla circostanza che ha causato la collisione. \n<\/li>\n<li>\nMovimenti di tango <i>show<\/i> che prevedano un continuo sollevamento dei piedi di uomini o donne dal pavimento e che occupino molto spazio in pista, non hanno senso in un luogo in cui l&#8217;abbraccio \u00e8 l&#8217;essenza del tango milonguero. \n<\/li>\n<li>\nStiamo attenti anche alla posizione dei gomiti facendo in modo che siano rivolti verso il pavimento e non diretti verso gli altri partecipanti. \n<\/li>\n<li>\nNell&#8217;<i>encuentro <\/i>cercheremo sempre di portare rispetto al nostro partner di ballo e agli altri ballerini. Non \u00e8 gradito un ballo esibizionistico, non si tratta di una gara di abilit\u00e0. \n<\/li>\n<\/ul>\n<b>Fuori dalla pista e invito al ballo<\/b>\n<ul>\n<li>\nGli inviti avvengono per <i>mirada <\/i>e <i>cabeceo<\/i>. Si tratta di un invito a distanza, che avviene solo se esiste un contatto visivo tra i due ballerini, che si scelgono liberamente e reciprocamente. Solamente in queste condizioni entrambi i ballerini sono sicuri di voler ballare assieme la tanda appena iniziata.\n<\/li>\n<li>\nSe la <i>ronda<\/i> si \u00e8 gi\u00e0 formata, non attraversiamo la pista per raggiungere il\/la nostro\/a compagno\/a di ballo. Camminiamo a bordo pista per non disturbare i ballerini che stanno gi\u00e0 ballando. \n<\/li>\n<li>\nI ballerini che si trovano gi\u00e0 in pista hanno priorit\u00e0 su quelli che stanno per entrare. Quando entriamo in pista ci assicuriamo che il leader della coppia che balla ci faccia entrare nella <i>ronda<\/i> con un cenno di assenso. Per avere la sua approvazione, proviamo a stabilire un contatto visivo e aspettiamo un suo segnale.\n<\/li>\n<li>\nLe <i>tandas<\/i> (sequenze di musiche separate da una <i>cortina<\/i>) sono costituite da tre o quattro brani musicali. Tra le varie <i>tandas<\/i> esiste la cosiddetta<i> cortina <\/i>musicale. La <i>cortina <\/i>permette ai ballerini di scegliere un&#8217;altra persona con la quale ballare la tanda successiva che solitamente \u00e8 costituita da brani interpretati da un&#8217;orchestra differente. La coppia non deve rimanere in pista durante la <i>cortina<\/i> per aspettare l&#8217;inizio della tanda successiva poich\u00e9 ostacolerebbe il <i>cabeceo <\/i>tra gli altri partecipanti. \n<\/li>\n<li>\nAlla fine di una tanda, il leader riaccompagna il follower nello stesso posto in cui lo ha invitato a ballare.\n<\/li>\n<li>\nLa milonga \u00e8 uno spazio sociale. L&#8217;idea \u00e8 quella di condividere il ballo con partecipanti differenti, permettendo di integrare il maggior numero di persone nel gruppo. \n<\/li>\n<li>\nLa milonga \u00e8 uno spazio di rispetto. Nessuno dovr\u00e0 ignorare o mancare di rispetto un altro partecipante o membro dello staff, indipendentemente dalla razza, et\u00e0, orientamento sessuale, preferenza di ruolo leader\/follower nel ballo, ecc.\n<\/li>\n<li>\nLa milonga \u00e8 uno spazio protetto. Non sono tollerati atteggiamenti o comportamenti che mettano in causa l&#8217;integrit\u00e0 morale o fisica degli altri partecipanti o membri del team, n\u00e9 qualsiasi tipo di molestia morale o sessuale.\n<\/li>\n<li>\nOgnuno di noi si prender\u00e0 cura di tutti gli altri. Un partecipante che si senta mancato di rispetto o assista a una situazione scorretta \u00e8 pregato di segnalarcelo immediatamente affinch\u00e9 il team organizzativo possa prendere le dovute misure cautelative nel rispetto di tutti i partecipanti.\n<\/li>\n<\/ul>\n<p>&nbsp;<\/p>\n<p><strong>Conferenze con Michael Lavocah<\/strong> <strong>(UK)<\/strong><\/p>\n<p><strong>Carlos di Sarli &amp; Charlo<\/strong><\/p>\n<p><img loading=\"lazy\" decoding=\"async\" src=\"https:\/\/milonga-a-promotora.pt\/wpp\/wp-content\/uploads\/2025\/09\/lavocah2-300x195.jpg\" alt=\"\" width=\"300\" height=\"195\" \/><\/p>\n<p>Michael Lavocah d\u00e0 vita alla musica del tango. Riconosciuto come uno esperto della musica dell&#8217;et\u00e0 dell&#8217;oro del tango, \u00e8 anche un narratore di talento. Nei suoi seminari mette in contatto i ballerini con i musicisti che hanno creato questa musica straordinaria raccontando le loro storie e spiegando la relazione tra le loro vite e la loro musica. Le sue presentazioni sono coinvolgenti, divertenti e ricche di informazioni.<\/p>\n<p>Le conferenze saranno tutte tenute in inglese.<\/p>\n\n","protected":false},"excerpt":{"rendered":"<div class=\"entry-summary\">\n<div class=\"entry-summary\">\n(disponibile 16 settembre alle 21h (ora Portogallo CET-1) \/ 22h (ora dal&hellip;\n<\/div>\n<div class=\"link-more\"><a href=\"https:\/\/milonga-a-promotora.pt\/wpp\/1251-2-copy\/\" class=\"more-link\">Continue reading<span class=\"screen-reader-text\"> &ldquo;Encontro 2020 it&rdquo;<\/span>&hellip;<\/a><\/div>\n<\/div>\n<div class=\"link-more\"><a href=\"https:\/\/milonga-a-promotora.pt\/wpp\/1251-2-copy\/\" class=\"more-link\">Continue reading<span class=\"screen-reader-text\"> &ldquo;Encontro 2020 it&rdquo;<\/span>&hellip;<\/a><\/div>\n","protected":false},"author":1,"featured_media":0,"parent":0,"menu_order":0,"comment_status":"closed","ping_status":"closed","template":"page-template\/_fullwidth.php","meta":{"_acf_changed":false,"footnotes":""},"class_list":["post-1282","page","type-page","status-publish","hentry","entry"],"acf":[],"_links":{"self":[{"href":"https:\/\/milonga-a-promotora.pt\/wpp\/wp-json\/wp\/v2\/pages\/1282","targetHints":{"allow":["GET"]}}],"collection":[{"href":"https:\/\/milonga-a-promotora.pt\/wpp\/wp-json\/wp\/v2\/pages"}],"about":[{"href":"https:\/\/milonga-a-promotora.pt\/wpp\/wp-json\/wp\/v2\/types\/page"}],"author":[{"embeddable":true,"href":"https:\/\/milonga-a-promotora.pt\/wpp\/wp-json\/wp\/v2\/users\/1"}],"replies":[{"embeddable":true,"href":"https:\/\/milonga-a-promotora.pt\/wpp\/wp-json\/wp\/v2\/comments?post=1282"}],"version-history":[{"count":34,"href":"https:\/\/milonga-a-promotora.pt\/wpp\/wp-json\/wp\/v2\/pages\/1282\/revisions"}],"predecessor-version":[{"id":1935,"href":"https:\/\/milonga-a-promotora.pt\/wpp\/wp-json\/wp\/v2\/pages\/1282\/revisions\/1935"}],"wp:attachment":[{"href":"https:\/\/milonga-a-promotora.pt\/wpp\/wp-json\/wp\/v2\/media?parent=1282"}],"curies":[{"name":"wp","href":"https:\/\/api.w.org\/{rel}","templated":true}]}}