{"id":1317,"date":"2019-08-20T19:08:09","date_gmt":"2019-08-20T19:08:09","guid":{"rendered":"https:\/\/milonga-a-promotora.pt\/wpp\/?page_id=1317"},"modified":"2025-09-16T18:40:07","modified_gmt":"2025-09-16T18:40:07","slug":"1251-2-copy-3","status":"publish","type":"page","link":"https:\/\/milonga-a-promotora.pt\/wpp\/1251-2-copy-3\/","title":{"rendered":"Encontro 2020 Esp"},"content":{"rendered":"\n\n\t<p><img loading=\"lazy\" decoding=\"async\" src=\"https:\/\/milonga-a-promotora.pt\/wpp\/wp-content\/uploads\/2019\/08\/encontro.jpg\" alt=\"\" width=\"1419\" height=\"311\" \/><\/p>\n\t\t\t\t<img decoding=\"async\" src=\"https:\/\/milonga-a-promotora.pt\/wpp\/wp-content\/uploads\/2025\/09\/text2.png\" alt=\"text2\" itemprop=\"image\" height=\"127\" width=\"580\" title=\"text2\" onerror=\"this.style.display='none'\" loading=\"lazy\" \/>\n\t<p><img loading=\"lazy\" decoding=\"async\" src=\"https:\/\/milonga-a-promotora.pt\/wpp\/wp-content\/uploads\/2019\/08\/wp558c71b8_06.png\" alt=\"\" width=\"218\" height=\"92\" \/><\/p>\n<p><em>\u00a0(disponible el 16 de Septiembre a las 21h (hora Portugal CET-1)\/ 22h (hora del centro de Europa CET)<\/em><\/p>\n<p><a href=\"http:\/\/regis.somee.com\/EMAPromotora2026\/?Lingua=3\" target=\"_blank\" rel=\"noopener\">LINK<\/a><\/p>\n\t<p><img loading=\"lazy\" decoding=\"async\" src=\"https:\/\/milonga-a-promotora.pt\/wpp\/wp-content\/uploads\/2019\/08\/wp042ac7ed_06-1.png\" alt=\"\" width=\"201\" height=\"92\" \/><\/p>\n<p><strong>VIERNES, 13 FEBRERO 2026<\/strong><\/p>\n<p>22H00&#8212;-22H30: Recepci\u00f3n y bienvenidos<\/p>\n<p>22h30&#8212;-02h00: Milonga con Dj Gato Milongueiro (PT)<\/p>\n<p><strong>S\u00c1BADO, 14 FEBRERO 2026<\/strong><\/p>\n<p>11H00&#8212;-12H30: Seminario con Michael Lavocah (UK) &#8211; Carlos di Sarli<\/p>\n<p>14H00&#8212;-18H00: Milonga con Dj Patr\u00edcia Santos (PT)<\/p>\n<p>21h00&#8212;&#8211;01h00: Milonga con Dj Graziano Sportelli (IT)<\/p>\n<p><strong>DOMINGO, 15 FEBRERO 2026<\/strong><\/p>\n<p>11H30&#8212;-12H30: Seminario con Michael Lavocah (UK) &#8211; Charlo<\/p>\n<p>14H00&#8212;-18H00: Milonga con Dj Silencio (PT)<\/p>\n<p>21h00&#8212;&#8211;01h00: Milonga con Dj Salima (IT)<\/p>\n<p><strong>LUNES, 16 FEBRERO 2026<\/strong><\/p>\n<p>13h00&#8212;&#8211;15h00: Almuerzo<\/p>\n<p>15H00&#8212;-21H00: Milonga con Dj Lampis (GR\/USA)<\/p>\n<p><strong>MILONGA ADICIONAL<\/strong><\/p>\n<p><strong>MARTES, 17 FEBRERO 2026<\/strong><\/p>\n<p>20h00&#8212;&#8211;00h00: Milonga con Dj Lua (IT\/PT)<\/p>\n<p><img loading=\"lazy\" decoding=\"async\" src=\"https:\/\/milonga-a-promotora.pt\/wpp\/wp-content\/uploads\/2019\/08\/wp19cc21e6_06.png\" alt=\"\" width=\"142\" height=\"92\" \/><\/p>\n<p>Pack Milongas (13 al 16 de febrero): 175\u20ac<\/p>\n<p>(bebidas y snacks incluidos)<\/p>\n<p>Milonga adicional (16 de febrero): 25\u20ac<\/p>\n<p>Almuerzo de Lunes: 30\u20ac<\/p>\n\t<p><img loading=\"lazy\" decoding=\"async\" src=\"https:\/\/milonga-a-promotora.pt\/wpp\/wp-content\/uploads\/2019\/08\/wp6a772e2e_06.png\" alt=\"\" width=\"131\" height=\"92\" \/><\/p>\n<p><b><img loading=\"lazy\" decoding=\"async\" src=\"https:\/\/milonga-a-promotora.pt\/wpp\/wp-content\/uploads\/2023\/09\/Gato-300x192.jpg\" alt=\"\" width=\"300\" height=\"192\" \/><\/b><b>Gato Milongueiro (PT)<\/b><\/p>\nEs un gran privilegio para m\u00ed poder preparar y cuidar de la selecci\u00f3n musical &#8211;\u00a0que al final de todo se \u00a0reduce a un enorme y exigente cuidado por todos los milongueros presentes en el sal\u00f3n de baile &#8230;\n&#8230;y siga el Tango!\n<b><img loading=\"lazy\" decoding=\"async\" src=\"https:\/\/milonga-a-promotora.pt\/wpp\/wp-content\/uploads\/2023\/09\/patricia-300x225.jpg\" alt=\"\" width=\"300\" height=\"225\" \/>Patr\u00edcia Santos (PT)<\/b>\n<p>Patr\u00edcia es natural de la ciudad de Porto (Portugal) y descubri\u00f3 el tango en 2005. Cinco a\u00f1os m\u00e1s tarde empez\u00f3 a musicalizar en las milongas. Como milonguera cre\u00e9 en el impacto que la m\u00fasica puede producir en el baile, y, como musicalizadora, intenta dar importancia a las orquestras que, en su forma de pensar, permiten mantener la pista de baile ordenada y cr\u00edan un sentimiento \u00fanico entre milongueros que en el espacio y en el momento se (re)encontran compartiendo. <\/p>\n<p>Es tambi\u00e9n la organizadora del encuentro milonguero Ensue\u00f1os.<\/p>\n<p><img loading=\"lazy\" decoding=\"async\" src=\"https:\/\/milonga-a-promotora.pt\/wpp\/wp-content\/uploads\/2025\/09\/Sportelli-300x225.jpg\" alt=\"\" width=\"300\" height=\"225\" \/><b>Graziano Sportelli (IT)<\/b><\/p>\n<p>He entrado al mundo del tango en el a\u00f1o 2005, como amante y bailar\u00edn. Inmediatamente me apasion\u00e9 por estudiar la m\u00fasica de tango. Me dieron la oportunidad de ser tdj residente de una milonga regular en mi provincia. Sigo actuando en muchas otras milongas, en ciudades de Apulia, y en encuentros incluso fuera de la regi\u00f3n. Posteriormente, mi trabajo como musicalizador fue reconocido en Italia y en Europa en particular: Inglaterra, Francia, Alemania, Polonia, B\u00e9lgica, Austria, Portugal, Espa\u00f1a.<\/p>\n<p>Mi preferencia musical es por el tango de la \u00e9poca dorada y siempre me mantengo dentro de la m\u00fasica de los a\u00f1os 20 y 50. Crear la energ\u00eda adecuada en la pista es mi prerrogativa.<\/p>\n<b><img loading=\"lazy\" decoding=\"async\" src=\"https:\/\/milonga-a-promotora.pt\/wpp\/wp-content\/uploads\/2019\/08\/silencio-300x225.jpg\" alt=\"\" width=\"300\" height=\"225\" \/>Silencio (PT)<\/b>\nPara m\u00ed, ser DJ es el arte de cuidar de lo que nos lleva a bailar &#8211; La M\u00fasica.\nEsta tarea hace que quien lo quiera hacer bien, tenga que estudiar durante toda su vida.\nYo espero que un DJ de Tango tenga la capacidad de se identificar con todos los que est\u00e1n en la pista (y en la milonga) y, en consecuencia elegir con coherencia, atenci\u00f3n a la pista de baile, con inteligencia, altruismo y intuici\u00f3n.\nElijo cuidadosamente cada pieza musical y busco, entre las distintas emociones musicales, las que mejor se armonizan con los milongueros.\nDesde el &#8220;esp\u00edritu de cada orquesta t\u00edpica&#8221; y los participantes, trato de elegir y contribuir para que cada Milongeuro en la milonga pueda vivir una experiencia hermosa y feliz.\nDJ&#8217;ing en milongas tradicionales y encuentros de tango es una responsabilidad que estimo y respeto. Con bailarines de tango que valoran profundamente el abrazo y la interpretaci\u00f3n de la m\u00fasica, la milonga se aproxima a ser un para\u00edso.\n<b><img loading=\"lazy\" decoding=\"async\" src=\"https:\/\/milonga-a-promotora.pt\/wpp\/wp-content\/uploads\/2025\/09\/Salima-300x169.jpg\" alt=\"\" width=\"300\" height=\"169\" \/>Salima (IT)<\/b>\n<p>Fue por casualidad que Salima descubri\u00f3 el mundo del tango. La primera vez que se acerc\u00f3 a una consola fue hace muchos a\u00f1os, en la milonga que hab\u00eda organizado su escuela en la plaza principal del centro de Conegliano (Treviso, Italia). Desde ese momento se ha involucrado por completo en ampliar sus conocimientos musicales, siempre pensando en el coraz\u00f3n palpitante de los bailarines. El tango de Salima es tradicional, pero nunca vulgar. Es el TDJ residente en &#8220;Blumilonga&#8221; en Conegliano por casi una d\u00e9cada. Toca regularmente en eventos, encuentros y milongas en Italia y en el extranjero. Su lema es &#8220;\u00a1En primer lugar, energ\u00eda en la pista de baile!&#8221;. Por encima de todo, ama a Juan D&#8217;Arienzo. Pero en la consola sabe dosificar ritmo y dulzura, mezclar diferentes emociones, para que sean vividas dentro del abrazo m\u00e1gico del tango.<\/p>\n<b><img loading=\"lazy\" decoding=\"async\" src=\"https:\/\/milonga-a-promotora.pt\/wpp\/wp-content\/uploads\/2025\/09\/Lampis-300x200.jpg\" alt=\"\" width=\"300\" height=\"200\" \/>Lampis (GR\/USA)<\/b>\n<p>Lampis lleva dos d\u00e9cadas fascinado por el tango y busca continuamente ampliar su comprensi\u00f3n de esta compleja forma de arte. Pasar la tanda adecuada en el momento oportuno es fundamental para una noche de baile emotivamente plena, y y es eso que intenta lograr con su selecci\u00f3n musical. Lampis se centra en la m\u00fasica tradicional que mantiene a los bailarines en la pista hasta el final de la milonga. Reside en Los \u00c1ngeles y ha sido DJ habitual en numerosos eventos por todo el mundo.<\/p>\n<img loading=\"lazy\" decoding=\"async\" src=\"https:\/\/milonga-a-promotora.pt\/wpp\/wp-content\/uploads\/2025\/09\/Lua-300x200.jpg\" alt=\"\" width=\"300\" height=\"200\" \/>\n<b>Lua (IT\/PT)<\/b>\n<p>Lua es italiana y vive en Lisboa. Descubri\u00f3 el tango en 2004, mientras paseaba por la orilla del r\u00edo Sena y qued\u00f3 completamente fascinada.\u00a0Desde 2011, ha estado organizando eventos de tango en Lisboa (&#8220;Milonga da Lua&#8221;) y llevando su m\u00fasica a milongas y encuentros de toda Europa y Estados Unidos. Para ella, cada milonga es \u00fanica. Cada tanda cuenta una historia. Cada tango le trae recuerdos de momentos ya bailados.\u00a0Hoy su selecci\u00f3n musical combina los gustos de todos los milongueros que ha conocido en el tango.<b>\u00a0<\/b><\/p>\n\t<p><img loading=\"lazy\" decoding=\"async\" src=\"https:\/\/milonga-a-promotora.pt\/wpp\/wp-content\/uploads\/2019\/08\/wp4a676804_06.png\" alt=\"\" width=\"403\" height=\"92\" \/><\/p>\nAssocia\u00e7\u00e3o Promotora de Tango Social<br \/>\nLargo Fontainhas N\u00ba 19 &#8211; Alc\u00e2ntara LISBOA\n<p>emapromotora@gmail.com, associacaopromotoratangosocial@gmail.com<\/p>\n<p>+351 \u00a0915131234 \/ +351 966434469<\/p>\n\t<p><img loading=\"lazy\" decoding=\"async\" src=\"https:\/\/milonga-a-promotora.pt\/wpp\/wp-content\/uploads\/2019\/08\/wp3aa119ad_06.png\" alt=\"\" width=\"177\" height=\"92\" \/><\/p>\n<p><strong>OPCIONES CERCA DEL LUGAR DEL ENCUENTRO:<\/strong><\/p>\n<p><strong><a name=\"_GoBack\"><\/a> <\/strong><strong>HOTEL VILA GAL\u00c9 \u00d3PERA<\/strong>-HOTEL 4 ESTRELLAS<\/p>\n<p>(a 800mde distancia de la PROMOTORA )<\/p>\n<p><strong>Direcci\u00f3n:<\/strong>Travessa do Conde da Ponte -1300 -141 Lisboa<\/p>\n<p><strong>Tel\u00e9fono:<\/strong>(00351) 213 605 400<\/p>\n<p><strong>Website:<\/strong><a href=\"http:\/\/www.vilagale.pt\">www.vilagale.pt<\/a><\/p>\n<p>&nbsp;<\/p>\n<p><strong>OTRAS OPCIONES <\/strong><\/p>\n<p>Varios apartamentos disponibles en sitios como Airbnb.com en la zona del evento.<\/p>\n\tPOR FAVOR, LEE CON ATENCI\u00d3N<br \/>\n\n<p>Cada a\u00f1o recibimos m\u00e1s inscripciones que la capacidad de la sala y la identidad del evento nos permiten aceptar y la tarea de seleccionar a los participantes de cada edici\u00f3n es tan lenta como cuidada. Queremos ser justos y a la vez garantizar a todos los participantes una experiencia especial que les haga alcanzar sus expectativas o quiz\u00e1s superarlas.<\/p>\n<p>Las inscripciones permanecer\u00e1n abiertas durante un periodo m\u00ednimo de dos horas. Pedimos a todos que lean cuidadosamente el formulario de inscripci\u00f3n y que lo completen com tranquilidad. No es una prueba de velocidad y no haremos ninguna distinci\u00f3n en funci\u00f3n del orden de llegada de las inscripciones realizadas durante este per\u00edodo de tiempo.<\/p>\n<p>Las inscripciones individuales y en pareja son bienvenidas. Las inscripciones son tratadas de la misma manera garantizando siempre la paridad entre l\u00edderes y seguidores, con la diferencia de que la aceptaci\u00f3n de una inscripci\u00f3n en pareja hace depender y estar\u00e1 pendiente de la aceptaci\u00f3n del otro elemento del par. Por esta raz\u00f3n solo recomendamos inscripciones en pareja para aquellos para quien no tenga sentido participar en el encuentro sin su pareja.<\/p>\nSolo se aceptan inscripciones para el paquete de milongas de 4 d\u00edas. La milonga adicional y las comidas son opcionales y no condicionar\u00e1n la aceptaci\u00f3n de la inscripci\u00f3n.<br \/>\nLa milonga adicional no est\u00e1 abierta a la comunidad local. S\u00f3lo los participantes del Encuentro pueden participar en esta milonga. Esta milonga es m\u00e1s \u00edntima que las otras milongas del Encuentro y la sala estar\u00e1 preparada de la misma manera que en la milonga regular A Promotora. Esta milonga existe para aquellos que quieren vivir un poco m\u00e1s el esp\u00edritu del Encuentro A Promotora.<br \/>\nLas conferencias de Michael Lavocah, incluidas en el programa, son de libre acceso para los participantes del Encuentro. No se requiere registro previo.\n<p>Queremos asegurarnos de que todos los participantes conocen y cumplen los c\u00f3digos de la milonga (dentro y fuera de la pista), que respetan a todos los participantes, que bailan socialmente cuidando del grupo y de la integraci\u00f3n de todos y se sienten c\u00f3modos con el baile en abrazo cerrado y en poco espacio.<\/p>\n<p>Estos son para nosotros los puntos esenciales m\u00e1s importantes que cualquier otro criterio.<\/p>\nA Promotora no es una reuni\u00f3n cerrada para amigos. Los amigos son importantes y naturalmente bienvenidos, pero siempre intentamos darles a todos la oportunidad de compartir con nosotros la intensidad de estos d\u00edas.<br \/>\nIntentaremos equilibrar el Encuentro con los nuevos participantes y con los que han estado presentes en ediciones anteriores sin da\u00f1ar la identidad del Encuentro.<br \/>\nTambi\u00e9n prestamos atenci\u00f3n a los que han estado en lista de espera en a\u00f1os anteriores e intentaremos que algunos de ellos puedan participar.\n<p>Esta es la mejor manera que encontramos para garantizar la transparencia de la aceptaci\u00f3n de las inscripciones y para que nadie se sienta herido.<\/p>\n<p>Creemos que es la mejor forma para que cada uno sienta la misma estima, afecto, consideraci\u00f3n y respeto y al mismo tiempo proporcionar a todos los participantes un Encuentro milonguero verdadero.<\/p>\n<p>El equipo del Encuentro A Promotora,<\/p>\n\t<p>&nbsp;<\/p>\n<ul>\n<li><b>En la pista de baile<br \/>\n<\/b>\u2022 La l\u00ednea imaginaria compuesta por varios pares de bailarines en la misma fila se llama l\u00ednea de baile. En esta, los bailarines se mueven en direcci\u00f3n contraria a las agujas del reloj.<br \/>\n\u2022 Puede haber en paralelo varias l\u00edneas de baile (1ra exterior, 2da exterior, interior). Intentamos bailar en una de esas l\u00edneas, evitando siempre cambiar de l\u00ednea. Si nos vi\u00e9ramos obligados debido a cualquier perturbaci\u00f3n o a una l\u00ednea &#8220;demasiado llena&#8221;, debemos asegurarnos de que no molestamos a ninguna outra pareja.<br \/>\n\u2022 No nos movemos a otra l\u00ednea de baile durante la duraci\u00f3n de un tema.<br \/>\n\u2022 No hay adelantamientos porque todos somos parte de la misma ronda que es un lugar de respeto entre todos y no una competici\u00f3n de velocidad.<br \/>\n\u2022 No realizamos &#8220;pasos hacia atr\u00e1s&#8221; o movimientos en la direcci\u00f3n opuesta a la circulaci\u00f3n de la ronda. El espacio que una pareja de baile deja pertenece a la pareja que le sigue en la ronda.<br \/>\n\u2022 Mantenemos la fluidez de la pista de baile. Esto significa que si podemos avanzar, no podemos permanecer demasiado tiempo en el mismo sitio ni tampoco presionar a la pareja que est\u00e1 delante de nosotros.\u2022 Es responsabilidad del l\u00edder cuidar de la persona con quien baila. Evitamos colisiones com las otras parejas en la pista. Si esto sucediera demostramos nuestro cuidado disculp\u00e1ndonos, independientemente de qui\u00e9n o qu\u00e9 motiv\u00f3 la colisi\u00f3n.<br \/>\n\u2022 Los movimientos de escenario o show que hagan que hombres o mujeres levanten sus pies del suelo u ocupen demasiado espacio no tienen sentido en un lugar donde el abrazo es la esencia y el significado del tango milonguero.<br \/>\n\u2022 Cuidamos la posici\u00f3n de los codos para que est\u00e9n hacia el piso y no sean peligrosos para los dem\u00e1s participantes.<br \/>\n\u2022 En un Encuentro, demostramos nuestra capacidad de ser cuidadosos com nuestra pareja de baile y con los dem\u00e1s bailarines. No mostramos nuestras habilidades de forma exhibicionista.<br \/>\n<b>Fuera de la ronda e invitaci\u00f3n para bailar<br \/>\n<\/b>\u2022 Las invitaciones son hechas por mirada y cabeceo. Esto solo es posible si hay contacto visual, desde lejos, entrelos dos elementos del par que as\u00ed se pueden elegir libre y mutuamente. Solo de esta manera podemos estar seguros de que los dos quieren bailar juntos la tanda que suena.\u2022 Si la ronda ya est\u00e1 montada no cruzamos la pista para llegar a nuestra pareja. Rodeamos la pista de baile para no molestar a los bailarines que est\u00e1n bailando.<br \/>\n\u2022 Los bailarines en la ronda tienen prioridad sobre aquellos que quieren entrar. Cuando entramos en la ronda nos aseguramos de que el l\u00edder de la pareja de baile nos cede paso. Para esto y antes de entrar en la ronda, tratamos de establecer un contacto visual con \u00e9l y esperar su se\u00f1al.<br \/>\n\u2022 Las tandas (secuencias de temas separados por una cortina) est\u00e1n compuestas por tres o cuatro temas. Entre ellos se escucha una cortina musical. La cortina existe para que las personas puedan escuchar a otra orquesta y tambi\u00e9n para que puedan elegir a otra persona para bailar. No debemos permanecer en la pista de baile durante la cortina o al comienzo de la tanda porque estaremos bloqueando la posibilidad de hacer la mirada a los dem\u00e1s participantes.<br \/>\n\u2022 Al final de la tanda el l\u00edder acompanha al seguidor al mismo lugar donde lo invit\u00f3 a bailar.<a name=\"m_2374870606186812785__GoBack\"><\/a> \u2022 La milonga es un espacio social. Intentamos bailar com un gran n\u00famero de participantes cuidando del grupo y de la integraci\u00f3n de todos los participantes.<br \/>\n\u2022 La milonga es un espacio de respeto. Nadie debe ofender a cualquier participante o personal del Staff, independientemente de su raza, edad, orientaci\u00f3n sexual, elecci\u00f3n del rol en el tango, etc.<br \/>\n\u2022 La milonga es un espacio protegido. No se pueden tolerar actitudes o comportamentos que ponen en peligro la integridad moral o f\u00edsica de otros participantes o membros del equipo, o tampoco cualquier tipo de acoso moral o sexual.<br \/>\n\u2022 Todos nos ocupamos de todos. Cualquier participante que se sienta faltado al respeto o que sea testigo de tal situaci\u00f3n debe comunicarlo de inmediato a un miembro de la organizaci\u00f3n que tomar\u00e1 las medidas necesarias y adecuadas.<br \/>\n\u2022 Con la inscripci\u00f3n, pedimos que te comprometas a cumplir con estos c\u00f3digos. De esta manera todos podremos disfrutar de las milongas verdadera y completamente.<\/li>\n<\/ul>\n<p>&nbsp;<\/p>\n<p>&nbsp;<\/p>\n<p><strong>Seminarios con Michael Lavocah (UK)<\/strong><\/p>\n<p><strong>Carlos di Sarli &amp; Charlo<\/strong><\/p>\n<p><img loading=\"lazy\" decoding=\"async\" src=\"https:\/\/milonga-a-promotora.pt\/wpp\/wp-content\/uploads\/2025\/09\/lavocah2-300x195.jpg\" alt=\"\" width=\"300\" height=\"195\" \/>Michael Lavocah da vida a la m\u00fasica de tango. Destacado experto en la m\u00fasica de la Edad de Oro del tango, tambi\u00e9n es un narrador nato. En sus seminarios conecta a los bailarines con los m\u00fasicos que crearon esta hermosa m\u00fasica contando algo de sus historias y explicando la relaci\u00f3n entre sus vidas y su m\u00fasica. Sus presentaciones son cautivadoras, entretenidas e informativas.<\/p>\n<p>Los seminarios se impartir\u00e1n en ingl\u00e9s.<\/p>\n\n","protected":false},"excerpt":{"rendered":"<div class=\"entry-summary\">\n<div class=\"entry-summary\">\n\u00a0(disponible el 16 de Septiembre a las 21h (hora Portugal CET-1)\/ 22h&hellip;\n<\/div>\n<div class=\"link-more\"><a href=\"https:\/\/milonga-a-promotora.pt\/wpp\/1251-2-copy-3\/\" class=\"more-link\">Continue reading<span class=\"screen-reader-text\"> &ldquo;Encontro 2020 Esp&rdquo;<\/span>&hellip;<\/a><\/div>\n<\/div>\n<div class=\"link-more\"><a href=\"https:\/\/milonga-a-promotora.pt\/wpp\/1251-2-copy-3\/\" class=\"more-link\">Continue reading<span class=\"screen-reader-text\"> &ldquo;Encontro 2020 Esp&rdquo;<\/span>&hellip;<\/a><\/div>\n","protected":false},"author":1,"featured_media":0,"parent":0,"menu_order":0,"comment_status":"closed","ping_status":"closed","template":"page-template\/_fullwidth.php","meta":{"_acf_changed":false,"footnotes":""},"class_list":["post-1317","page","type-page","status-publish","hentry","entry"],"acf":[],"_links":{"self":[{"href":"https:\/\/milonga-a-promotora.pt\/wpp\/wp-json\/wp\/v2\/pages\/1317","targetHints":{"allow":["GET"]}}],"collection":[{"href":"https:\/\/milonga-a-promotora.pt\/wpp\/wp-json\/wp\/v2\/pages"}],"about":[{"href":"https:\/\/milonga-a-promotora.pt\/wpp\/wp-json\/wp\/v2\/types\/page"}],"author":[{"embeddable":true,"href":"https:\/\/milonga-a-promotora.pt\/wpp\/wp-json\/wp\/v2\/users\/1"}],"replies":[{"embeddable":true,"href":"https:\/\/milonga-a-promotora.pt\/wpp\/wp-json\/wp\/v2\/comments?post=1317"}],"version-history":[{"count":25,"href":"https:\/\/milonga-a-promotora.pt\/wpp\/wp-json\/wp\/v2\/pages\/1317\/revisions"}],"predecessor-version":[{"id":1933,"href":"https:\/\/milonga-a-promotora.pt\/wpp\/wp-json\/wp\/v2\/pages\/1317\/revisions\/1933"}],"wp:attachment":[{"href":"https:\/\/milonga-a-promotora.pt\/wpp\/wp-json\/wp\/v2\/media?parent=1317"}],"curies":[{"name":"wp","href":"https:\/\/api.w.org\/{rel}","templated":true}]}}